 h(l) be the first derivative of l**2/2 + 1. Let b(m) = -4*h(m) + 5*x(m). Calculate the remainder when b(7) is divided by 4.
3
Let x = -79 - -120. Calculate the remainder when x is divided by (-4 + 0)/((-2)/7).
13
Calculate the remainder when (2 + -2 - 2)*-12 is divided by 13.
11
Let v = 91 + -40. What is the remainder when v is divided by 13?
12
Suppose -5*u - 26 + 171 = 0. Calculate the remainder when 54 is divided by u.
25
Suppose c + q - 35 = 0, -3*c + 3*q + 0*q + 99 = 0. Calculate the remainder when 132 is divided by c.
30
Suppose b = i - 0*i + 12, -5*b - i + 42 = 0. Let h(s) = 2*s - 9. Calculate the remainder when b is divided by h(7).
4
Let w = -80 + 125. Calculate the remainder when w is divided by 17.
11
Let x = -5 + 8. Suppose -24 = x*r - 69. Calculate the remainder when 29 is divided by r.
14
Let w(y) = 6*y**2 + y. Let k be 4/10 + (-8)/(-5). What is the remainder when w(k) is divided by 14?
12
Let p = 32 - -62. What is the remainder when p is divided by 19?
18
Let i(f) = 2*f**2 + 11*f + 14. Calculate the remainder when 99 is divided by i(-6).
19
Let j = -178 - -208. Let i = 30 - 14. Calculate the remainder when j is divided by i.
14
Suppose -j + 11 = 5*n, 0 = 4*j + j - 2*n - 136. Calculate the remainder when j is divided by 14.
12
Suppose 2*j + 4*f = 36, 57 + 35 = 4*j + 3*f. What is the remainder when j is divided by 11?
4
Let i be (-2)/(2 + 17/(-8)). Suppose 3*b = -i + 67. What is the remainder when 33 is divided by b?
16
Let k(m) = m**3 + m**2 + 7. Let l be k(0). Suppose l*y = 2*y. Let w(b) = b + 16. Calculate the remainder when 47 is divided by w(y).
15
Calculate the remainder when 34 is divided by 176/14 + (-56)/98.
10
Let u(a) = a**3 + 24*a**2 + 21*a - 29. What is the remainder when u(-23) is divided by 10?
7
Let n(c) = 4*c**3 + c**2 - c. Let z be n(1). Let l = 2 + -3. Calculate the remainder when l/z + 25/4 is divided by 4.
2
Suppose 0 = 5*r - 4 - 36. Let g(c) = -c**3 + 5*c**2 - 4*c - 1. Calculate the remainder when r is divided by g(3).
3
Let d(x) = -2*x - 1. Suppose -3*y + 0*y + 3 = 0. Let w be (-2 + y)/(1/5). Calculate the remainder when 25 is divided by d(w).
7
Suppose 2*m - 1 - 18 = -3*u, -4*m - 3*u = -41. What is the remainder when 21 is divided by m?
10
Suppose -5*o + t = 2*t - 34, -2 = o - 2*t. Suppose -o - 6 = -3*u. Calculate the remainder when u is divided by 3.
1
Suppose 18 = 3*r + w, -5*w + 36 = 2*r + 11. Calculate the remainder when 9/(2/2 + 0) is divided by r.
4
Let p = -13 + 15. Suppose 0*q + 5*j = -q + 27, 36 = p*q + 4*j. Calculate the remainder when 58 is divided by q.
10
Suppose 5*i - i - 25 = -v, 0 = v + 2*i - 19. What is the remainder when 350 is divided by v?
12
Let q(s) = -2*s**3 - 2*s + 3. Let c be q(-3). Suppose -2*b = b - c. Calculate the remainder when 61 is divided by b.
19
Let i = -24 + -1. Let q = -18 - i. Suppose -5*l = -q*l + 100. What is the remainder when l is divided by 26?
24
Suppose -2*p + 29 = -3*o, 0 = 4*o - 2 + 22. What is the remainder when 16 is divided by p?
2
Calculate the remainder when 26 is divided by ((-2)/(3 + -5) - 10)*-1.
8
Suppose -4*l = -5*l + 14. What is the remainder when (-130)/(-4)*(-4)/(-5) is divided by l?
12
Let k(w) = -w**3 + 36*w**2 - 35*w + 44. Calculate the remainder when 126 is divided by k(35).
38
Let w(q) = q**2 + 8*q + 12. Suppose -3*k + 5*s - 1 = 1, 14 = -k - s. Let g = 12 + 29. What is the remainder when g is divided by w(k)?
20
Let f(v) = -2*v**2 + v + 47. Let g = 10 - -6. What is the remainder when f(0) is divided by g?
15
Let j be ((-6)/(-9))/(2/6). Let h = -8 + 27. What is the remainder when h is divided by (3 - -3) + (3 - j)?
5
Suppose -4*d = -15 - 209. What is the remainder when d is divided by 15?
11
Let i = 6 + -2. Suppose 5*n + 12 = 62. Calculate the remainder when 36*((-10)/i - -3) is divided by n.
8
Let m(d) = d + 9. Suppose -n - 28 = 3*n. What is the remainder when 3 is divided by m(n)?
1
Let u(z) = -5*z**3 - 5*z**2 - 5. Let q(w) = 11*w**3 + 11*w**2 - w + 11. Let k(p) = 2*q(p) + 5*u(p). Calculate the remainder when k(-2) is divided by 5.
3
Suppose 0 + 1 = -k. What is the remainder when ((-2)/k)/((-6)/(-57)) is divided by 7?
5
Let q(s) = 5*s - 2. What is the remainder when q(2) is divided by 4?
0
Suppose 154 = 5*v + 4*q, -2*v + 64 = 4*q - 3*q. Suppose 24 = 2*d + 2*p, 0*d - 3*d - p + v = 0. What is the remainder when d is divided by 3?
2
Suppose 0*i = -i + 30. Suppose -9 = 3*m - i. What is the remainder when m is divided by 3?
1
Let r(m) = 2*m - 7. Calculate the remainder when 102 is divided by r(10).
11
Let q(j) = 38*j**3 - 2*j**2 + j. What is the remainder when q(1) is divided by 22?
15
Suppose 5*w + 70 = -b, w - 50 = 3*w - 4*b. Let d be 2/(-6) - w/(-9). What is the remainder when (d + 2 - -50) + 0 is divided by 13?
11
What is the remainder when 27 is divided by 2/8 + 78/8?
7
Let f(c) = -2*c - 7. Suppose 2*n = 5*w - 4*w - 16, 2*n + 5*w - 8 = 0. What is the remainder when 7 is divided by f(n)?
2
Suppose 0 = -4*q + 5*i - 4, -i = -1 - 3. Suppose -2*z + q*s + 78 = 0, -5*s = -5*z - 0*s + 170. What is the remainder when z is divided by 10?
9
Suppose -2 = -4*k + 14, -4*c - 3*k = -260. Calculate the remainder when c is divided by 16.
14
Let z be 9/(-15) - (-6)/10. Let u = z - -3. Let l(s) = 2*s - 5. Calculate the remainder when l(5) is divided by u.
2
Let q(f) = f**3 + 6*f**2 + 6*f - 1. Let a be q(-5). Calculate the remainder when a*1*-6 - 1 is divided by 12.
11
Let a(g) = g + 32. Let j(w) = w**3 - 3*w**2 + w - 3. Let q be j(3). Suppose -p = -q*p - 17. What is the remainder when a(0) is divided by p?
15
Let z(x) = -x**2 - 13*x - 13. What is the remainder when 294 is divided by z(-8)?
24
Let k = -21 - -30. Calculate the remainder when 27 - ((4 - 2) + 0) is divided by k.
7
Let q = 31 + 0. What is the remainder when 90 is divided by q?
28
Suppose -5*z + 0*z + 35 = 0. Suppose 0 = 2*i - z*i + 10. Suppose 50 = 3*q + p + 4*p, i = 2*p. Calculate the remainder when q is divided by 9.
6
Suppose -5*a - 60 = -5*k, -k + 5*a = 7*a + 3. What is the remainder when 83 is divided by k?
6
Suppose -5*l - 302 = -4*p, -p + 3*l + 36 = -36. Let u = 23 - 7. Calculate the remainder when p is divided by u.
14
Let b be 2/6 + (-22)/(-6). Suppose -5*u - b = -34. What is the remainder when 9 is divided by u?
3
Suppose 5*t + 270 = 5*l, l - 168 = -2*l - 3*t. What is the remainder when l is divided by (1 - 0) + (19 - 1)?
17
Let u(o) = o**3 + 7*o**2 + 6*o + 3. What is the remainder when u(-5) is divided by 76/6 - 12/18?
11
Let l = 2 - -20. Let q = 50 - -14. What is the remainder when q is divided by l?
20
Let k(a) = a**2 + 5*a - 15. Let c be k(-5). Let s(m) = -m**2 + 7. Let t be s(-6). Let u = c - t. What is the remainder when u is divided by 8?
6
Let o(s) = -2*s + 41. What is the remainder when 86 is divided by o(9)?
17
Let w(a) = a**2 - 7*a + 2. Let g be 0 + (-3)/6*-16. Let m(s) = s**2 - 2*s - 5. What is the remainder when m(-4) is divided by w(g)?
9
Suppose -5*n + 85 = -2*l, 0 = 4*n - l - 4*l - 68. Calculate the remainder when n is divided by 5 + (-36)/4 - -8.
1
Let h(r) = -27*r**2 - 5*r - 4. Let b(x) = x**2 + x + 1. Let t(o) = -4*b(o) - h(o). Calculate the remainder when 71 is divided by t(1).
23
Let w be 0/(-1 - -4 - 2). Let y(x) = -x**3 + x**2 + 38. Suppose -4*k + 7*k = 39. Calculate the remainder when y(w) is divided by k.
12
Let l(i) = i**2 + 13*i + 5. What is the remainder when l(-17) is divided by 25?
23
What is the remainder when 127 is divided by 35 + 12/(-8)*2?
31
Let s(b) = -5*b**3 + 2*b**2 - 2*b - 8. Calculate the remainder when s(-2) is divided by 16.
12
Let z = 20 - 34. Let f = -7 - z. What is the remainder when 13 is divided by f?
6
Let n = 0 + 4. Suppose 4*o = -4*q + 39 + 97, 4*o - 120 = n*q. Suppose 5*l - 45 = 2*y, 0 = 6*l - 2*l - 5*y - 19. Calculate the remainder when o is divided by l.
10
Suppose 4*r = u - 24, 3*r + 2*r + 4 = -2*u. Calculate the remainder when ((-94)/(-3))/((-6)/(-9)) is divided by u.
7
Let s = 6 + 1. Suppose -o + 0 + 21 = 4*a, o = 3*a - s. Suppose y - 12 = -4*j, -4*y - 1 = 5*j - o. Calculate the remainder when 10 is divided by j.
2
Let q(l) = 6*l**2 - l + 1. Let z be q(1). Suppose 0 = -z*f + f + 20. Suppose 0 = -f*x, g + 9 = 2*g + 2*x. Calculate the remainder when 25 is divided by g.
7
Suppose 6 = r + 23. Calculate the remainder when r*1*(-2)/2 